[INFO] cloning repository https://github.com/divvun/spelli
[INFO] running `Command { std: "git" "-c" "credential.helper=" "-c" "credential.helper=/workspace/cargo-home/bin/git-credential-null" "clone" "--bare" "https://github.com/divvun/spelli" "/workspace/cache/git-repos/https%3A%2F%2Fgithub.com%2Fdivvun%2Fspelli", kill_on_drop: false }`
[INFO] [stderr] Cloning into bare repository '/workspace/cache/git-repos/https%3A%2F%2Fgithub.com%2Fdivvun%2Fspelli'...
[INFO] running `Command { std: "git" "rev-parse" "HEAD", kill_on_drop: false }`
[INFO] [stdout] 8e8ef58fbf29d1f61cde2a47f59824989dbb1059
[INFO] checking divvun/spelli against try#72f88fc4e9458f89516a0b8b0868f3718aec5b47 for pr-74989
[INFO] running `Command { std: "git" "clone" "/workspace/cache/git-repos/https%3A%2F%2Fgithub.com%2Fdivvun%2Fspelli" "/workspace/builds/worker-0/source", kill_on_drop: false }`
[INFO] [stderr] Cloning into '/workspace/builds/worker-0/source'...
[INFO] [stderr] done.
[INFO] validating manifest of git repo https://github.com/divvun/spelli on toolchain 72f88fc4e9458f89516a0b8b0868f3718aec5b47
[INFO] running `Command { std: "/workspace/cargo-home/bin/cargo" "+72f88fc4e9458f89516a0b8b0868f3718aec5b47" "read-manifest" "--manifest-path" "Cargo.toml", kill_on_drop: false }`
[INFO] started tweaking git repo https://github.com/divvun/spelli
[INFO] finished tweaking git repo https://github.com/divvun/spelli
[INFO] tweaked toml for git repo https://github.com/divvun/spelli written to /workspace/builds/worker-0/source/Cargo.toml
[INFO] crate git repo https://github.com/divvun/spelli already has a lockfile, it will not be regenerated
[INFO] running `Command { std: "/workspace/cargo-home/bin/cargo" "+72f88fc4e9458f89516a0b8b0868f3718aec5b47" "fetch" "--locked" "--manifest-path" "Cargo.toml", kill_on_drop: false }`
[INFO] [stderr]  Downloading crates ...
[INFO] [stderr]   Downloaded syn v1.0.39
[INFO] [stderr]   Downloaded chrono v0.4.15
[INFO] [stderr]   Downloaded dirs-sys-next v0.1.0
[INFO] [stderr]   Downloaded iref v1.1.5
[INFO] [stderr]   Downloaded registry v1.0.0-alpha.5
[INFO] [stderr]   Downloaded directories-next v1.0.1
[INFO] [stderr]   Downloaded pct-str v1.0.2
[INFO] [stderr]   Downloaded utfx v0.1.0
[INFO] [stderr]   Downloaded tinystr v0.3.4
[INFO] [stderr]   Downloaded unic-langid-impl v0.9.0
[INFO] [stderr]   Downloaded fern v0.6.0
[INFO] [stderr]   Downloaded gumdrop v0.8.0
[INFO] [stderr]   Downloaded ppv-lite86 v0.2.9
[INFO] [stderr]   Downloaded dirs-next v1.0.1
[INFO] [stderr]   Downloaded gumdrop_derive v0.8.0
[INFO] [stderr]   Downloaded pathos v0.1.7
[INFO] [stderr]   Downloaded bstr v0.2.13
[INFO] [stderr]   Downloaded libc v0.2.76
[INFO] [stderr]   Downloaded iso639 v0.1.0
[INFO] [stderr]   Downloaded unic-langid v0.9.0
[INFO] [stderr]   Downloaded redox_users v0.3.5
[INFO] [stderr]   Downloaded rust-argon2 v0.8.2
[INFO] running `Command { std: "docker" "create" "-v" "/var/lib/crater-agent-workspace/builds/worker-0/target:/opt/rustwide/target:rw,Z" "-v" "/var/lib/crater-agent-workspace/builds/worker-0/source:/opt/rustwide/workdir:ro,Z" "-v" "/var/lib/crater-agent-workspace/cargo-home:/opt/rustwide/cargo-home:ro,Z" "-v" "/var/lib/crater-agent-workspace/rustup-home:/opt/rustwide/rustup-home:ro,Z" "-e" "SOURCE_DIR=/opt/rustwide/workdir" "-e" "CARGO_TARGET_DIR=/opt/rustwide/target" "-e" "CARGO_HOME=/opt/rustwide/cargo-home" "-e" "RUSTUP_HOME=/opt/rustwide/rustup-home" "-w" "/opt/rustwide/workdir" "-m" "1610612736" "--user" "0:0" "--network" "none" "rustops/crates-build-env@sha256:d92eaeed33fa75130ca1ee6c8a01d1ffb62bac859dfdfb3450e3e5d1c0146529" "/opt/rustwide/cargo-home/bin/cargo" "+72f88fc4e9458f89516a0b8b0868f3718aec5b47" "metadata" "--no-deps" "--format-version=1", kill_on_drop: false }`
[INFO] [stdout] f93e8a707c60cac83571a77d91a9958c5c0c5715975d8ee19c6b8e7df87022db
[INFO] [stderr] WARNING: Your kernel does not support swap limit capabilities or the cgroup is not mounted. Memory limited without swap.
[INFO] running `Command { std: "docker" "start" "-a" "f93e8a707c60cac83571a77d91a9958c5c0c5715975d8ee19c6b8e7df87022db", kill_on_drop: false }`
[INFO] running `Command { std: "docker" "inspect" "f93e8a707c60cac83571a77d91a9958c5c0c5715975d8ee19c6b8e7df87022db", kill_on_drop: false }`
[INFO] running `Command { std: "docker" "rm" "-f" "f93e8a707c60cac83571a77d91a9958c5c0c5715975d8ee19c6b8e7df87022db", kill_on_drop: false }`
[INFO] [stdout] f93e8a707c60cac83571a77d91a9958c5c0c5715975d8ee19c6b8e7df87022db
[INFO] running `Command { std: "docker" "create" "-v" "/var/lib/crater-agent-workspace/builds/worker-0/target:/opt/rustwide/target:rw,Z" "-v" "/var/lib/crater-agent-workspace/builds/worker-0/source:/opt/rustwide/workdir:ro,Z" "-v" "/var/lib/crater-agent-workspace/cargo-home:/opt/rustwide/cargo-home:ro,Z" "-v" "/var/lib/crater-agent-workspace/rustup-home:/opt/rustwide/rustup-home:ro,Z" "-e" "SOURCE_DIR=/opt/rustwide/workdir" "-e" "CARGO_TARGET_DIR=/opt/rustwide/target" "-e" "CARGO_INCREMENTAL=0" "-e" "RUST_BACKTRACE=full" "-e" "RUSTFLAGS=--cap-lints=forbid" "-e" "CARGO_HOME=/opt/rustwide/cargo-home" "-e" "RUSTUP_HOME=/opt/rustwide/rustup-home" "-w" "/opt/rustwide/workdir" "-m" "1610612736" "--user" "0:0" "--network" "none" "rustops/crates-build-env@sha256:d92eaeed33fa75130ca1ee6c8a01d1ffb62bac859dfdfb3450e3e5d1c0146529" "/opt/rustwide/cargo-home/bin/cargo" "+72f88fc4e9458f89516a0b8b0868f3718aec5b47" "check" "--frozen" "--all" "--all-targets" "--message-format=json", kill_on_drop: false }`
[INFO] [stdout] 7bffa07b669d9923167a8a065753a816177f37889eced4ae4c848c3748de3e95
[INFO] [stderr] WARNING: Your kernel does not support swap limit capabilities or the cgroup is not mounted. Memory limited without swap.
[INFO] running `Command { std: "docker" "start" "-a" "7bffa07b669d9923167a8a065753a816177f37889eced4ae4c848c3748de3e95", kill_on_drop: false }`
[INFO] [stderr]    Compiling syn v1.0.39
[INFO] [stderr]    Compiling cfg-if v0.1.10
[INFO] [stderr]    Compiling ppv-lite86 v0.2.9
[INFO] [stderr]    Compiling autocfg v1.0.1
[INFO] [stderr]    Compiling lazy_static v1.4.0
[INFO] [stderr]    Compiling log v0.4.11
[INFO] [stderr]    Compiling itoa v0.4.6
[INFO] [stderr]    Compiling winapi v0.3.9
[INFO] [stderr]     Checking pct-str v1.0.2
[INFO] [stderr]     Checking tinystr v0.3.4
[INFO] [stderr]     Checking utfx v0.1.0
[INFO] [stderr]     Checking once_cell v1.4.1
[INFO] [stderr]    Compiling libc v0.2.76
[INFO] [stderr]    Compiling byteorder v1.3.4
[INFO] [stderr]    Compiling memchr v2.3.3
[INFO] [stderr]    Compiling ryu v1.0.5
[INFO] [stderr]     Checking phf v0.8.0
[INFO] [stderr]     Checking dirs-sys-next v0.1.0
[INFO] [stderr]     Checking time v0.1.44
[INFO] [stderr]     Checking iref v1.1.5
[INFO] [stderr]     Checking unic-langid-impl v0.9.0
[INFO] [stderr]     Checking directories-next v1.0.1
[INFO] [stderr]     Checking dirs-next v1.0.1
[INFO] [stderr]    Compiling regex-automata v0.1.9
[INFO] [stderr]    Compiling csv-core v0.1.10
[INFO] [stderr]     Checking fern v0.6.0
[INFO] [stderr]    Compiling num-traits v0.2.12
[INFO] [stderr]    Compiling num-integer v0.1.43
[INFO] [stderr]     Checking unic-langid v0.9.0
[INFO] [stderr]    Compiling getrandom v0.1.14
[INFO] [stderr]    Compiling rand_core v0.5.1
[INFO] [stderr]    Compiling rand_pcg v0.2.1
[INFO] [stderr]    Compiling rand_chacha v0.2.2
[INFO] [stderr]    Compiling rand v0.7.3
[INFO] [stderr]     Checking chrono v0.4.15
[INFO] [stderr]    Compiling phf_generator v0.8.0
[INFO] [stderr]    Compiling phf_codegen v0.8.0
[INFO] [stderr]    Compiling serde_derive v1.0.115
[INFO] [stderr]    Compiling thiserror-impl v1.0.20
[INFO] [stderr]    Compiling gumdrop_derive v0.8.0
[INFO] [stderr]     Checking thiserror v1.0.20
[INFO] [stderr]     Checking registry v1.0.0-alpha.5
[INFO] [stderr]     Checking pathos v0.1.7
[INFO] [stderr]     Checking gumdrop v0.8.0
[INFO] [stderr]    Compiling serde v1.0.115
[INFO] [stderr]     Checking toml v0.5.6
[INFO] [stderr]    Compiling bstr v0.2.13
[INFO] [stderr]    Compiling csv v1.1.3
[INFO] [stderr]    Compiling iso639 v0.1.0
[INFO] [stderr]     Checking spelli v0.1.2 (/opt/rustwide/workdir)
[INFO] [stdout] error[E0432]: unresolved imports `registry::Data`, `registry::Hive`, `registry::RegKey`, `registry::Security`
[INFO] [stdout]  --> src/refresh.rs:2:16
[INFO] [stdout]   |
[INFO] [stdout] 2 | use registry::{Data, Hive, RegKey, Security};
[INFO] [stdout]   |                ^^^^  ^^^^  ^^^^^^  ^^^^^^^^ no `Security` in the root
[INFO] [stdout]   |                |     |     |
[INFO] [stdout]   |                |     |     no `RegKey` in the root
[INFO] [stdout]   |                |     no `Hive` in the root
[INFO] [stdout]   |                no `Data` in the root
[INFO] [stdout] 
[INFO] [stdout] 
[INFO] [stdout] error[E0432]: unresolved imports `registry::key`, `registry::value`, `registry::Data`, `registry::Hive`, `registry::RegKey`, `registry::Security`
[INFO] [stdout]  --> src/reg.rs:5:16
[INFO] [stdout]   |
[INFO] [stdout] 5 | use registry::{key, value, Data, Hive, RegKey, Security};
[INFO] [stdout]   |                ^^^  ^^^^^  ^^^^  ^^^^  ^^^^^^  ^^^^^^^^ no `Security` in the root
[INFO] [stdout]   |                |    |      |     |     |
[INFO] [stdout]   |                |    |      |     |     no `RegKey` in the root
[INFO] [stdout]   |                |    |      |     no `Hive` in the root
[INFO] [stdout]   |                |    |      no `Data` in the root
[INFO] [stdout]   |                |    no `value` in the root
[INFO] [stdout]   |                no `key` in the root
[INFO] [stdout] 
[INFO] [stdout] 
[INFO] [stdout] error[E0432]: unresolved imports `registry::Data`, `registry::Hive`, `registry::RegKey`, `registry::Security`
[INFO] [stdout]  --> src/refresh.rs:2:16
[INFO] [stdout]   |
[INFO] [stdout] 2 | use registry::{Data, Hive, RegKey, Security};
[INFO] [stdout]   |                ^^^^  ^^^^  ^^^^^^  ^^^^^^^^ no `Security` in the root
[INFO] [stdout]   |                |     |     |
[INFO] [stdout]   |                |     |     no `RegKey` in the root
[INFO] [stdout]   |                |     no `Hive` in the root
[INFO] [stdout]   |                no `Data` in the root
[INFO] [stdout] 
[INFO] [stdout] 
[INFO] [stdout] error[E0432]: unresolved imports `registry::key`, `registry::value`, `registry::Data`, `registry::Hive`, `registry::RegKey`, `registry::Security`
[INFO] [stdout]  --> src/reg.rs:5:16
[INFO] [stdout]   |
[INFO] [stdout] 5 | use registry::{key, value, Data, Hive, RegKey, Security};
[INFO] [stdout]   |                ^^^  ^^^^^  ^^^^  ^^^^  ^^^^^^  ^^^^^^^^ no `Security` in the root
[INFO] [stdout]   |                |    |      |     |     |
[INFO] [stdout]   |                |    |      |     |     no `RegKey` in the root
[INFO] [stdout]   |                |    |      |     no `Hive` in the root
[INFO] [stdout]   |                |    |      no `Data` in the root
[INFO] [stdout]   |                |    no `value` in the root
[INFO] [stdout]   |                no `key` in the root
[INFO] [stdout] 
[INFO] [stdout] 
[INFO] [stdout] error: aborting due to 2 previous errors
[INFO] [stdout] 
[INFO] [stdout] 
[INFO] [stdout] For more information about this error, try `rustc --explain E0432`.
[INFO] [stdout] 
[INFO] [stderr] error: could not compile `spelli`.
[INFO] [stderr] 
[INFO] [stderr] To learn more, run the command again with --verbose.
[INFO] [stderr] warning: build failed, waiting for other jobs to finish...
[INFO] [stdout] error: aborting due to 2 previous errors
[INFO] [stdout] 
[INFO] [stdout] 
[INFO] [stdout] For more information about this error, try `rustc --explain E0432`.
[INFO] [stdout] 
[INFO] [stderr] error: build failed
[INFO] running `Command { std: "docker" "inspect" "7bffa07b669d9923167a8a065753a816177f37889eced4ae4c848c3748de3e95", kill_on_drop: false }`
[INFO] running `Command { std: "docker" "rm" "-f" "7bffa07b669d9923167a8a065753a816177f37889eced4ae4c848c3748de3e95", kill_on_drop: false }`
[INFO] [stdout] 7bffa07b669d9923167a8a065753a816177f37889eced4ae4c848c3748de3e95
